{"id":10,"date":"2018-09-07T07:22:18","date_gmt":"2018-09-07T07:22:18","guid":{"rendered":"https:\/\/digisi-coiffure.ch\/?page_id=10"},"modified":"2018-09-07T13:27:51","modified_gmt":"2018-09-07T13:27:51","slug":"soins-des-cheveux","status":"publish","type":"page","link":"https:\/\/digisi-coiffure.ch\/?page_id=10","title":{"rendered":"Soins des cheveux"},"content":{"rendered":"<h4 style=\"text-align: center;\"><\/h4>\n<p style=\"text-align: center;\"><img loading=\"lazy\" decoding=\"async\" class=\"size-medium wp-image-11 aligncenter\" src=\"https:\/\/digisi-coiffure.ch\/wp-content\/uploads\/2018\/09\/davines-300x98.png\" alt=\"\" width=\"300\" height=\"98\" srcset=\"https:\/\/digisi-coiffure.ch\/wp-content\/uploads\/2018\/09\/davines-300x98.png 300w, https:\/\/digisi-coiffure.ch\/wp-content\/uploads\/2018\/09\/davines.png 400w\" sizes=\"auto, (max-width: 300px) 100vw, 300px\" \/> Davines n&rsquo;int\u00e8gre dans leur composition que des ingr\u00e9dients naturels ce qui garantit des produits s\u00fbrs pour tous les utilisateurs,<br \/>\nhommes ou femmes. La marque fascine et conquiert les clients du monde entier avec ses nouvelles lignes de produits pour cheveux<br \/>\nun concentrateur de connaissances scientifiques et d&rsquo;amour pour l&rsquo;environnement.<\/p>\n<p>&nbsp;<\/p>\n<p style=\"text-align: center;\"><img loading=\"lazy\" decoding=\"async\" class=\"size-medium wp-image-12 aligncenter\" src=\"https:\/\/digisi-coiffure.ch\/wp-content\/uploads\/2018\/09\/revlon-300x51.png\" alt=\"\" width=\"300\" height=\"51\" srcset=\"https:\/\/digisi-coiffure.ch\/wp-content\/uploads\/2018\/09\/revlon-300x51.png 300w, https:\/\/digisi-coiffure.ch\/wp-content\/uploads\/2018\/09\/revlon.png 402w\" sizes=\"auto, (max-width: 300px) 100vw, 300px\" \/><\/p>\n<p style=\"text-align: center;\">Depuis plus de 20 ans le Sensor System de Revlon a sur r\u00e9concilier des millions de femmes et des milliers de coiffeurs avec la<br \/>\npermanente. Revlon Sensor Care permet de permanenter tous les cheveux, sans jamais agresser ni dess\u00e9cher la mati\u00e8re, tout en<br \/>\ncr\u00e9ant des boucles surprenantes de naturel.<\/p>\n<p>&nbsp;<\/p>\n<p style=\"text-align: center;\"><img loading=\"lazy\" decoding=\"async\" class=\"alignnone size-medium wp-image-13 aligncenter\" src=\"https:\/\/digisi-coiffure.ch\/wp-content\/uploads\/2018\/09\/sebastian-300x63.png\" alt=\"\" width=\"300\" height=\"63\" srcset=\"https:\/\/digisi-coiffure.ch\/wp-content\/uploads\/2018\/09\/sebastian-300x63.png 300w, https:\/\/digisi-coiffure.ch\/wp-content\/uploads\/2018\/09\/sebastian.png 398w\" sizes=\"auto, (max-width: 300px) 100vw, 300px\" \/><\/p>\n<p style=\"text-align: center;\">Le service professionnel en salon offre en neuf nuances un \u00e9clat de couleur soutenu, durable et traitant pour tous les types de cheveux,<br \/>\nsans peroxyde ni ammoniaque. Le complexe acide d&rsquo;\u00e9clat de la couleur contient des extraits v\u00e9g\u00e9taux r\u00e9volutionnaires qui enrichissent<br \/>\nchaque fibre capillaire et font resplendir les cheveux pendant 4 \u00e0 6 semaines gr\u00e2ce \u00e0 une couleur translucide et \u00e0 un \u00e9clat majestueux.<br \/>\nUne formule enrichie en prot\u00e9ines qui prot\u00e8ge et soigne vos cheveux. Que vous soyez brune. blonde ou rousse, ce soin rends vos cheveux<br \/>\nencore plus brillants, de fa\u00e7on divine avec profondeur et intensit\u00e9.<\/p>\n<p>&nbsp;<\/p>\n","protected":false},"excerpt":{"rendered":"<p>Davines n&rsquo;int\u00e8gre dans leur composition que des ingr\u00e9dients naturels ce qui garantit des produits s\u00fbrs pour tous les utilisateurs, hommes ou femmes. La marque fascine&hellip;<\/p>\n","protected":false},"author":1,"featured_media":0,"parent":0,"menu_order":0,"comment_status":"closed","ping_status":"closed","template":"","meta":{"footnotes":""},"class_list":["post-10","page","type-page","status-publish","hentry"],"_links":{"self":[{"href":"https:\/\/digisi-coiffure.ch\/index.php?rest_route=\/wp\/v2\/pages\/10","targetHints":{"allow":["GET"]}}],"collection":[{"href":"https:\/\/digisi-coiffure.ch\/index.php?rest_route=\/wp\/v2\/pages"}],"about":[{"href":"https:\/\/digisi-coiffure.ch\/index.php?rest_route=\/wp\/v2\/types\/page"}],"author":[{"embeddable":true,"href":"https:\/\/digisi-coiffure.ch\/index.php?rest_route=\/wp\/v2\/users\/1"}],"replies":[{"embeddable":true,"href":"https:\/\/digisi-coiffure.ch\/index.php?rest_route=%2Fwp%2Fv2%2Fcomments&post=10"}],"version-history":[{"count":9,"href":"https:\/\/digisi-coiffure.ch\/index.php?rest_route=\/wp\/v2\/pages\/10\/revisions"}],"predecessor-version":[{"id":136,"href":"https:\/\/digisi-coiffure.ch\/index.php?rest_route=\/wp\/v2\/pages\/10\/revisions\/136"}],"wp:attachment":[{"href":"https:\/\/digisi-coiffure.ch\/index.php?rest_route=%2Fwp%2Fv2%2Fmedia&parent=10"}],"curies":[{"name":"wp","href":"https:\/\/api.w.org\/{rel}","templated":true}]}}

<h4 style="text-align: center;"></h4>
<p style="text-align: center;"><img loading="lazy" decoding="async" class="size-medium wp-image-11 aligncenter" src="https://digisi-coiffure.ch/wp-content/uploads/2018/09/davines-300x98.png" alt="" width="300" height="98" srcset="https://digisi-coiffure.ch/wp-content/uploads/2018/09/davines-300x98.png 300w, https://digisi-coiffure.ch/wp-content/uploads/2018/09/davines.png 400w" sizes="auto, (max-width: 300px) 100vw, 300px" /> Davines n&rsquo;intègre dans leur composition que des ingrédients naturels ce qui garantit des produits sûrs pour tous les utilisateurs,<br />
hommes ou femmes. La marque fascine et conquiert les clients du monde entier avec ses nouvelles lignes de produits pour cheveux<br />
un concentrateur de connaissances scientifiques et d&rsquo;amour pour l&rsquo;environnement.</p>
<p>&nbsp;</p>
<p style="text-align: center;"><img loading="lazy" decoding="async" class="size-medium wp-image-12 aligncenter" src="https://digisi-coiffure.ch/wp-content/uploads/2018/09/revlon-300x51.png" alt="" width="300" height="51" srcset="https://digisi-coiffure.ch/wp-content/uploads/2018/09/revlon-300x51.png 300w, https://digisi-coiffure.ch/wp-content/uploads/2018/09/revlon.png 402w" sizes="auto, (max-width: 300px) 100vw, 300px" /></p>
<p style="text-align: center;">Depuis plus de 20 ans le Sensor System de Revlon a sur réconcilier des millions de femmes et des milliers de coiffeurs avec la<br />
permanente. Revlon Sensor Care permet de permanenter tous les cheveux, sans jamais agresser ni dessécher la matière, tout en<br />
créant des boucles surprenantes de naturel.</p>
<p>&nbsp;</p>
<p style="text-align: center;"><img loading="lazy" decoding="async" class="alignnone size-medium wp-image-13 aligncenter" src="https://digisi-coiffure.ch/wp-content/uploads/2018/09/sebastian-300x63.png" alt="" width="300" height="63" srcset="https://digisi-coiffure.ch/wp-content/uploads/2018/09/sebastian-300x63.png 300w, https://digisi-coiffure.ch/wp-content/uploads/2018/09/sebastian.png 398w" sizes="auto, (max-width: 300px) 100vw, 300px" /></p>
<p style="text-align: center;">Le service professionnel en salon offre en neuf nuances un éclat de couleur soutenu, durable et traitant pour tous les types de cheveux,<br />
sans peroxyde ni ammoniaque. Le complexe acide d&rsquo;éclat de la couleur contient des extraits végétaux révolutionnaires qui enrichissent<br />
chaque fibre capillaire et font resplendir les cheveux pendant 4 à 6 semaines grâce à une couleur translucide et à un éclat majestueux.<br />
Une formule enrichie en protéines qui protège et soigne vos cheveux. Que vous soyez brune. blonde ou rousse, ce soin rends vos cheveux<br />
encore plus brillants, de façon divine avec profondeur et intensité.</p>
<p>&nbsp;</p>

<p>Davines n&rsquo;intègre dans leur composition que des ingrédients naturels ce qui garantit des produits sûrs pour tous les utilisateurs, hommes ou femmes. La marque fascine&hellip;</p>
