{"id":15,"date":"2018-09-07T07:23:09","date_gmt":"2018-09-07T07:23:09","guid":{"rendered":"https:\/\/digisi-coiffure.ch\/?page_id=15"},"modified":"2018-09-07T13:21:08","modified_gmt":"2018-09-07T13:21:08","slug":"saoins-des-mains-et-pieds","status":"publish","type":"page","link":"https:\/\/digisi-coiffure.ch\/?page_id=15","title":{"rendered":"Soins des mains et pieds"},"content":{"rendered":"<h4 style=\"text-align: center;\">Parce qu&rsquo;il n&rsquo;y a pas que vos cheveux<\/h4>\n<p>&nbsp;<\/p>\n<p style=\"text-align: center;\">Dans une d\u00e9marche de bien \u00eatre et de beaut\u00e9, DiGiSi Soin des Mains et des Pieds vous propose \u00e9galement un service \u00ab\u00a0onglerie\u00a0\u00bb et<br \/>\nvous accueille dans un espace feutr\u00e9 et raffin\u00e9 afin de prendre soin de vous jusqu&rsquo;au bout des ongles.<\/p>\n<p style=\"text-align: center;\">Notre sp\u00e9cialiste sera \u00e0 votre \u00e9coute et l\u00e0 pour vous conseiller.<\/p>\n<p>&nbsp;<\/p>\n","protected":false},"excerpt":{"rendered":"<p>Parce qu&rsquo;il n&rsquo;y a pas que vos cheveux &nbsp; Dans une d\u00e9marche de bien \u00eatre et de beaut\u00e9, DiGiSi Soin des Mains et des Pieds&hellip;<\/p>\n","protected":false},"author":1,"featured_media":0,"parent":0,"menu_order":0,"comment_status":"closed","ping_status":"closed","template":"","meta":{"footnotes":""},"class_list":["post-15","page","type-page","status-publish","hentry"],"_links":{"self":[{"href":"https:\/\/digisi-coiffure.ch\/index.php?rest_route=\/wp\/v2\/pages\/15","targetHints":{"allow":["GET"]}}],"collection":[{"href":"https:\/\/digisi-coiffure.ch\/index.php?rest_route=\/wp\/v2\/pages"}],"about":[{"href":"https:\/\/digisi-coiffure.ch\/index.php?rest_route=\/wp\/v2\/types\/page"}],"author":[{"embeddable":true,"href":"https:\/\/digisi-coiffure.ch\/index.php?rest_route=\/wp\/v2\/users\/1"}],"replies":[{"embeddable":true,"href":"https:\/\/digisi-coiffure.ch\/index.php?rest_route=%2Fwp%2Fv2%2Fcomments&post=15"}],"version-history":[{"count":9,"href":"https:\/\/digisi-coiffure.ch\/index.php?rest_route=\/wp\/v2\/pages\/15\/revisions"}],"predecessor-version":[{"id":132,"href":"https:\/\/digisi-coiffure.ch\/index.php?rest_route=\/wp\/v2\/pages\/15\/revisions\/132"}],"wp:attachment":[{"href":"https:\/\/digisi-coiffure.ch\/index.php?rest_route=%2Fwp%2Fv2%2Fmedia&parent=15"}],"curies":[{"name":"wp","href":"https:\/\/api.w.org\/{rel}","templated":true}]}}

<h4 style="text-align: center;">Parce qu&rsquo;il n&rsquo;y a pas que vos cheveux</h4>
<p>&nbsp;</p>
<p style="text-align: center;">Dans une démarche de bien être et de beauté, DiGiSi Soin des Mains et des Pieds vous propose également un service « onglerie » et<br />
vous accueille dans un espace feutré et raffiné afin de prendre soin de vous jusqu&rsquo;au bout des ongles.</p>
<p style="text-align: center;">Notre spécialiste sera à votre écoute et là pour vous conseiller.</p>
<p>&nbsp;</p>

<p>Parce qu&rsquo;il n&rsquo;y a pas que vos cheveux &nbsp; Dans une démarche de bien être et de beauté, DiGiSi Soin des Mains et des Pieds&hellip;</p>
