{"id":58,"date":"2018-09-07T08:14:56","date_gmt":"2018-09-07T08:14:56","guid":{"rendered":"https:\/\/digisi-coiffure.ch\/?page_id=58"},"modified":"2018-09-07T13:28:53","modified_gmt":"2018-09-07T13:28:53","slug":"accueil","status":"publish","type":"page","link":"https:\/\/digisi-coiffure.ch\/","title":{"rendered":"Accueil"},"content":{"rendered":"<h4 style=\"text-align: center;\">Votre salon de coiffure chic \u00e0 Gen\u00e8ve<\/h4>\n<p>&nbsp;<\/p>\n<p style=\"text-align: center;\">Dans un univers sensoriel raffin\u00e9, espace de confort et de discr\u00e9tion, DIGISI soin du cheveu vous propose une prise en charge<br \/>\nglobale personnalis\u00e9e bas\u00e9e sur la compr\u00e9hension de vos besoins et de vos attentes. Dans 110 m2 d&rsquo;exception, d\u00e9finitivement<br \/>\nhors du commun, une \u00e9quipe de professionnels vous accueille au c\u0153ur de Gen\u00e8ve Rive Droite, pour une vraie parenth\u00e8se beaut\u00e9.<\/p>\n<p style=\"text-align: center;\">A votre enti\u00e8re disposition, notre \u00e9quipe de professionnels anim\u00e9e par une passion commune vous conseilleront et<br \/>\nvous enseigneront une mani\u00e8re unique de prendre soin de vous. Visagistes \u00e0 l\u2019\u0153il exerc\u00e9, ils vous accompagneront<br \/>\ndans vos choix de coupe, de couleur ou de soins afin de mettre en valeur votre personnalit\u00e9.<\/p>\n<p>&nbsp;<\/p>\n<p style=\"text-align: center;\"><span style=\"color: #cccccc;\">luxe et calme\u00a0<span style=\"font-family: Arial; font-size: medium;\">\u2022<\/span> d\u00e9cor feutr\u00e9 et \u00e9l\u00e9gant\u00a0<span style=\"font-family: Arial; font-size: medium;\">\u2022<\/span> musique s\u00e9duisante\u00a0<span style=\"font-family: Arial; font-size: medium;\">\u2022<\/span> fauteuils coiffure raffin\u00e9s\u00a0<span style=\"font-family: Arial; font-size: medium;\">\u2022<\/span> postes shampoing massant\u00a0<span style=\"font-family: Arial; font-size: medium;\">\u2022<\/span> colorations et extensions\u00a0\u2022 <\/span><span style=\"color: #cccccc;\">beaut\u00e9 des mains et pieds\u00a0<span style=\"font-family: Arial; font-size: medium;\">\u2022<\/span> produits professionnels s\u00e9lectionn\u00e9s\u00a0<span style=\"font-family: Arial; font-size: medium;\">\u2022<\/span> acc\u00e8s wifi gratuit\u00a0<span style=\"font-family: Arial; font-size: medium;\">\u2022<\/span> s\u00e9lection de th\u00e9s et <span style=\"font-family: Arial; font-size: medium;\">\u2022<\/span> \u00e9v\u00e8nements artistiques<\/span><\/p>\n","protected":false},"excerpt":{"rendered":"<p>Votre salon de coiffure chic \u00e0 Gen\u00e8ve &nbsp; Dans un univers sensoriel raffin\u00e9, espace de confort et de discr\u00e9tion, DIGISI soin du cheveu vous propose&hellip;<\/p>\n","protected":false},"author":1,"featured_media":0,"parent":0,"menu_order":0,"comment_status":"closed","ping_status":"closed","template":"","meta":{"footnotes":""},"class_list":["post-58","page","type-page","status-publish","hentry"],"_links":{"self":[{"href":"https:\/\/digisi-coiffure.ch\/index.php?rest_route=\/wp\/v2\/pages\/58","targetHints":{"allow":["GET"]}}],"collection":[{"href":"https:\/\/digisi-coiffure.ch\/index.php?rest_route=\/wp\/v2\/pages"}],"about":[{"href":"https:\/\/digisi-coiffure.ch\/index.php?rest_route=\/wp\/v2\/types\/page"}],"author":[{"embeddable":true,"href":"https:\/\/digisi-coiffure.ch\/index.php?rest_route=\/wp\/v2\/users\/1"}],"replies":[{"embeddable":true,"href":"https:\/\/digisi-coiffure.ch\/index.php?rest_route=%2Fwp%2Fv2%2Fcomments&post=58"}],"version-history":[{"count":14,"href":"https:\/\/digisi-coiffure.ch\/index.php?rest_route=\/wp\/v2\/pages\/58\/revisions"}],"predecessor-version":[{"id":138,"href":"https:\/\/digisi-coiffure.ch\/index.php?rest_route=\/wp\/v2\/pages\/58\/revisions\/138"}],"wp:attachment":[{"href":"https:\/\/digisi-coiffure.ch\/index.php?rest_route=%2Fwp%2Fv2%2Fmedia&parent=58"}],"curies":[{"name":"wp","href":"https:\/\/api.w.org\/{rel}","templated":true}]}}

<h4 style="text-align: center;">Votre salon de coiffure chic à Genève</h4>
<p>&nbsp;</p>
<p style="text-align: center;">Dans un univers sensoriel raffiné, espace de confort et de discrétion, DIGISI soin du cheveu vous propose une prise en charge<br />
globale personnalisée basée sur la compréhension de vos besoins et de vos attentes. Dans 110 m2 d&rsquo;exception, définitivement<br />
hors du commun, une équipe de professionnels vous accueille au cœur de Genève Rive Droite, pour une vraie parenthèse beauté.</p>
<p style="text-align: center;">A votre entière disposition, notre équipe de professionnels animée par une passion commune vous conseilleront et<br />
vous enseigneront une manière unique de prendre soin de vous. Visagistes à l’œil exercé, ils vous accompagneront<br />
dans vos choix de coupe, de couleur ou de soins afin de mettre en valeur votre personnalité.</p>
<p>&nbsp;</p>
<p style="text-align: center;"><span style="color: #cccccc;">luxe et calme <span style="font-family: Arial; font-size: medium;">•</span> décor feutré et élégant <span style="font-family: Arial; font-size: medium;">•</span> musique séduisante <span style="font-family: Arial; font-size: medium;">•</span> fauteuils coiffure raffinés <span style="font-family: Arial; font-size: medium;">•</span> postes shampoing massant <span style="font-family: Arial; font-size: medium;">•</span> colorations et extensions • </span><span style="color: #cccccc;">beauté des mains et pieds <span style="font-family: Arial; font-size: medium;">•</span> produits professionnels sélectionnés <span style="font-family: Arial; font-size: medium;">•</span> accès wifi gratuit <span style="font-family: Arial; font-size: medium;">•</span> sélection de thés et <span style="font-family: Arial; font-size: medium;">•</span> évènements artistiques</span></p>

<p>Votre salon de coiffure chic à Genève &nbsp; Dans un univers sensoriel raffiné, espace de confort et de discrétion, DIGISI soin du cheveu vous propose&hellip;</p>
